, 13
Suppose w + 3105 = 6*w. What are the prime factors of w?
3, 23
Suppose -2*w + 5*i - 6 + 39 = 0, 6 = 4*w + 2*i. Let l(q) = q**3 - 4*q**2 + 2*q. Let a be l(w). Suppose -3*z = -31 - a. List the prime factors of z.
13
Suppose 3*q + 2*q + 3*p - 20 = 0, -5*q = p - 10. What are the prime factors of q/4 + 1317/12?
2, 5, 11
Let w(r) = 40*r**2 + 2*r - 10. What are the prime factors of w(-6)?
2, 709
Suppose 0 = -5*t - o + 2693, -1691 - 476 = -4*t - 5*o. List the prime factors of t.
2, 269
Suppose -2*f - 4*d = 4, -2*f - 5*d - 1 - 1 = 0. Let o = f + -12. List the prime factors of (-28)/(-6)*o/(-4).
3, 7
Let l = 2142 - 1336. List the prime factors of l/18 - 16/(-72).
3, 5
Let n(d) = 105*d + 2836. What are the prime factors of n(0)?
2, 709
What are the prime factors of (1*210)/((-295)/50 + 6)?
2, 3, 5, 7
Let p = 11 - 9. Suppose p*u - 88 = -u + 4*t, -3*u - 2*t + 118 = 0. Suppose -2*a + u = -24. What are the prime factors of a?
2, 3, 5
Suppose -3*m = -m - 10. Let x(c) = -57 - 2*c + 6*c**2 + c**3 + m*c**2 + 67 - c**2. List the prime factors of x(-10).
2, 3, 5
Let k = 82 + 143. List the prime factors of k.
3, 5
Suppose 4*k - 2*k - 3*v = -305, -4*v - 4 = 0. Let u = -96 - k. List the prime factors of u.
2, 29
Let d(k) = 15*k - 2. Let q(s) = -s**3 - 6*s**2 + 7*s + 3. Let w be q(-7). List the prime factors of d(w).
43
Let t(s) = -4*s - 9. Let p = -25 - -15. What are the prime factors of t(p)?
31
Let j(c) = -4 - 2 - 2 + 2 + 10*c. Suppose 2*r - 11 + 3 = 0. What are the prime factors of j(r)?
2, 17
Let h(c) = -3*c**3 - 8*c**2 + 7*c + 32. Let v be h(-6). List the prime factors of (12/20)/(2/v).
3, 5, 7
Let g be 4 - (3/(-3))/1. Suppose 0 = -5*s + g*u + 645, 7*u + 649 = 5*s + 3*u. List the prime factors of s.
7, 19
Let f be 4/(8/18) - -4. Let t = f + -10. Suppose -d = w - 5*w + 92, -52 = -t*w + 5*d. List the prime factors of w.
2, 3
Let w(o) = o**3 - 3*o**2 + 10*o - 11. What are the prime factors of w(5)?
89
Let s(b) = 7*b - 4. Let d be s(1). Suppose -d*q + 246 = 12. What are the prime factors of q?
2, 3, 13
Suppose 3*r - 4*z = -5*z + 12, 0 = 3*z - 9. Suppose 76 = r*c - y + 2*y, -5*y = -3*c + 70. List the prime factors of c.
5
List the prime factors of 2709 + 8/4 + (-5)/1.
2, 3, 11, 41
Let j(x) = -x**3 - 18*x**2 + 74*x + 14. What are the prime factors of j(-22)?
2, 7, 23
What are the prime factors of 84/(-1 + (-28)/(-20))?
2, 3, 5, 7
Let t(n) = -n**2 - 9*n - 12. Suppose 5*k - 2 + 27 = 0. Let i be t(k). Suppose 4*d = i*d - 68. List the prime factors of d.
17
Suppose 236*q + 386 = 238*q. What are the prime factors of q?
193
Let u(h) = -49*h + 44. What are the prime factors of u(-12)?
2, 79
Let b(i) = -172*i + 117. What are the prime factors of b(-15)?
3, 29, 31
Suppose 0 = 3*n + x - 7903, 3*n - 7933 = -4*x + 9*x. List the prime factors of n.
2, 659
Let g(m) = -7*m - 1. Let u(q) = q**2 + 4*q - 2. Let o be u(-5). Suppose -5 = o*b - x + 2, 0 = -b + x - 1. List the prime factors of g(b).
2, 5
Suppose 0 = p - 15 - 317. Suppose 5*h + p = -138. What are the prime factors of (h/8)/(5/(-20))?
47
Let n = -91 - -98. Suppose f + n*f - 2408 = 0. What are the prime factors of f?
7, 43
Let o = 2283 - 169. List the prime factors of o.
2, 7, 151
Let d be 4/14 + 2941/119. Suppose 0*r = -5*r + d. Suppose 2*m = 2*p - 3 - 33, -70 = -r*p - 5*m. List the prime factors of p.
2
Suppose 0*s = 2*b - s + 7, -b + s = 4. Let m = b - -62. List the prime factors of m.
59
Let w(c) be the first derivative of c**3/3 + c**2 - 3*c + 7. Let p be w(-9). What are the prime factors of 590/p*(0 - -6)?
59
Suppose -2*t - 51 = -5*v, 2*v + 5 = -3*t - 43. Let f be (-62)/6 - (-4)/12. Let k = f - t. What are the prime factors of k?
2
Let b = 1449 - 1110. What are the prime factors of b?
3, 113
Suppose -3*i + 2*f - 1 = 0, -f + 10 = f. Suppose c - 6 = -i. What are the prime factors of -4 + (c - (-14 + 0))?
13
Suppose 0 = -10*l + 4*l + 666. Suppose -l + 7 = -2*b. What are the prime factors of b?
2, 13
What are the prime factors of (-76)/6*(-828)/6?
2, 19, 23
Suppose 8 = r - 5. Suppose -r*y = -3178 + 877. List the prime factors of y.
3, 59
Let a be (-4)/(-7 - -9) - 6. Let v(h) = h**3 + 9*h**2 - 11*h - 2. Let g(w) = w**2 + 1. Let l(o) = -2*g(o) + v(o). What are the prime factors of l(a)?
2, 5
Let t(n) = 21*n**3 - 5*n**2 + 2*n - 2. Let i(r) = -r**2 + 6*r - 6. Let s be i(4). What are the prime factors of t(s)?
2, 3, 5
Let k be (10 + -2)/4 - 2. Suppose -3*u + 3*z - 5*z = -202, k = z - 5. What are the prime factors of u?
2
Let q = 26 + -21. Suppose 3*p - q = 259. Suppose 3*n + p = 5*n. What are the prime factors of n?
2, 11
Suppose 0 = 69*i - 44*i - 30125. List the prime factors of i.
5, 241
Let n be (2/2)/((-1)/(-1)). Suppose 12 = 5*f - 3. Suppose -n - f = -o. List the prime factors of o.
2
Let j = 0 + 2. Let q(i) = -2*i**2 - 2*i**j - 6 + 3*i**2 + 2*i**2 + 3*i. What are the prime factors of q(5)?
2, 17
Let d be 0/1 - (-4 + -52). Let x = d - 30. What are the prime factors of x?
2, 13
Suppose -6*i = 5*l - i + 5, -4*l = -4*i - 28. Suppose l = b + 1. List the prime factors of (-1)/((-1)/60*b).
2, 3, 5
Let h = -13 + 17. Let j be h - (-2 + 3)*0. Suppose -2*s = -j*s + 46. What are the prime factors of s?
23
Let t be 1*2 - (-6)/(-6) - -238. Suppose 307 = 6*m - t. List the prime factors of m.
7, 13
Let a be (3 + -4)*-2 - -129. Suppose -5*d + 555 = -5*y, 2*y + a = -d - 100. Let g = 194 + y. List the prime factors of g.
2, 5
Let n(k) = 125*k + 4. Let d = -70 - -71. What are the prime factors of n(d)?
3, 43
Let m(b) = b**2 - 6*b + 19. Let o be m(7). Suppose -19*r - 889 = -o*r. What are the prime factors of r?
127
Let f(d) = 9*d**2 + 3*d - 2. Let s be f(1). Let y = 13 - s. Suppose -25 = -y*o + 29. What are the prime factors of o?
2, 3
Let a(v) = v**3 + 8*v**2 + 7*v. Let j(h) = -10*h - 1. Let o be j(-4). Let q be (-3)/(-6) + o/(-6). What are the prime factors of a(q)?
2, 3, 5
Let v be (-5 - -1)*(1 + -28). Let u = -94 + 126. Suppose u + v = 4*i. What are the prime factors of i?
5, 7
Suppose b = 2*i - 5*i + 1772, 0 = -2*b + 3*i + 3589. List the prime factors of b.
1787
Let q = 874 - -1516. What are the prime factors of q?
2, 5, 239
Let k(j) = 272*j + 69. List the prime factors of k(3).
3, 5, 59
Let z(v) = v**3 + 20*v**2 - 24*v - 7. Suppose -102 = 5*p + 3. What are the prime factors of z(p)?
2, 7
Suppose x + 531 = 10*z - 6*z, -2*x = 6. Suppose -3*j = -z - 501. List the prime factors of j.
211
Let g(f) = -f**3 - 17*f**2 + 21*f - 3. Let w be g(-18). Let q = w + 88. List the prime factors of q.
31
Suppose 5507 = 3*m + 54*s - 52*s, 2*s - 8 = 0. List the prime factors of m.
3, 13, 47
Let t(s) = s**3 - 2*s**2 - 5*s. Let i(o) be the third derivative of o**6/120 - o**4/8 + o**3/3 + 2*o**2. Let f be i(2). What are the prime factors of t(f)?
2, 3
Suppose 3*b = 2*b + 3*y - 13, -5*b - 2*y = -20. Suppose b*j - 4 - 4 = 0. Suppose -j*g + 9 = -23. List the prime factors of g.
2
What are the prime factors of 2/(-8) + (-262157)/(-68)?
3, 5, 257
Let w(o) = 5*o**2 + 2*o + 3. Suppose 3*s - 2*x - 4 = 14, s + 2*x + 2 = 0. List the prime factors of w(s).
7, 13
Let g(i) = i**3 + 2*i**2 - 2. Let b be g(-2). Let w be b/(-1) - (14 - 4). List the prime factors of (-9 - w)/((-2)/34).
17
List the prime factors of 123*((-14)/(-12))/(1/2).
7, 41
Let k = -308 - -320. List the prime factors of k.
2, 3
Let c(b) = 99*b**2 + 5*b + 5. List the prime factors of c(-1).
3, 11
Let y(x) = 20*x - 22*x + 33*x**2 - 38*x**2 + 71*x**2. List the prime factors of y(-1).
2, 17
Let i = -31 + 3. Let n = i - -28. Suppose -2*v = c - 64, -2*c + 3*c - 2 = n. List the prime factors of v.
31
Let n = -3 - -413. List the prime factors of n.
2, 5, 41
Let q be (-9)/(-6)*12/9. Suppose -2 = -q*a + 8. List the prime factors of a.
5
Let r(g) = g + 44. Let p be r(11). Let m = 82 - p. What are the prime factors of m?
3
Suppose 4*x = -5*g + 660, 0 = -2*g - 0*x - x + 261. List the prime factors of g.
2
Let d = -37 + 43. Suppose x - d*x = -320. What are the prime factors of x?
2
Suppose -6*c = -2*c. Suppose c*q + 408 = -5*q - 3*z, -246 = 3*q + 3*z. List the prime factors of ((-4)/(12/q))/1.
3
Let i(n) = n + 13. Let x be i(-15). List the prime factors of ((-11)/(-2))/((-3)/2 - x).
11
Suppose 3*i - 3148 = 2*s + 418, -s = -i + 1189. List the prime factors of i.
2, 3, 11
Let k(w) = -w**3 - 6*w**2. Let s be k(-6)